igit of 18863802?
8
What is the units digit of 3872168?
8
What is the hundred thousands digit of 1216228?
2
What is the units digit of 23335792?
2
What is the tens digit of 378239?
3
What is the units digit of 8171199?
9
What is the thousands digit of 537942?
7
What is the units digit of 724801?
1
What is the units digit of 1559265?
5
What is the thousands digit of 275117?
5
What is the hundred thousands digit of 382872?
3
What is the thousands digit of 177019?
7
What is the hundreds digit of 2111323?
3
What is the ten millions digit of 19473876?
1
What is the hundred thousands digit of 208513?
2
What is the hundreds digit of 2253854?
8
What is the thousands digit of 1522745?
2
What is the thousands digit of 486939?
6
What is the tens digit of 10581865?
6
What is the hundreds digit of 1470522?
5
What is the hundred thousands digit of 1961654?
9
What is the units digit of 90038?
8
What is the ten thousands digit of 458061?
5
What is the tens digit of 685505?
0
What is the hundred thousands digit of 1281702?
2
What is the hundreds digit of 210?
2
What is the hundreds digit of 6715190?
1
What is the hundred thousands digit of 235021?
2
What is the ten thousands digit of 220250?
2
What is the hundred thousands digit of 386219?
3
What is the ten thousands digit of 1308629?
0
What is the ten thousands digit of 2790558?
9
What is the units digit of 2456850?
0
What is the hundreds digit of 154409?
4
What is the hundred thousands digit of 9360602?
3
What is the hundred thousands digit of 1119242?
1
What is the ten thousands digit of 2821537?
2
What is the hundred thousands digit of 299719?
2
What is the thousands digit of 341256?
1
What is the millions digit of 2189894?
2
What is the millions digit of 13672720?
3
What is the units digit of 209605?
5
What is the hundred thousands digit of 1853856?
8
What is the hundred thousands digit of 281185?
2
What is the tens digit of 2343980?
8
What is the ten thousands digit of 32616?
3
What is the hundred thousands digit of 316765?
3
What is the tens digit of 1765943?
4
What is the tens digit of 1418545?
4
What is the ten thousands digit of 964423?
6
What is the hundreds digit of 197627?
6
What is the hundred thousands digit of 1206445?
2
What is the units digit of 730168?
8
What is the tens digit of 305308?
0
What is the hundreds digit of 496198?
1
What is the tens digit of 4380727?
2
What is the thousands digit of 466500?
6
What is the hundred thousands digit of 408277?
4
What is the millions digit of 2926239?
2
What is the ten thousands digit of 30389726?
8
What is the hundred thousands digit of 2801943?
8
What is the hundreds digit of 1204129?
1
What is the hundreds digit of 13553322?
3
What is the units digit of 362706?
6
What is the units digit of 5008110?
0
What is the units digit of 2725603?
3
What is the hundreds digit of 9019010?
0
What is the hundred thousands digit of 1158684?
1
What is the tens digit of 39380?
8
What is the millions digit of 5413148?
5
What is the ten millions digit of 15575010?
1
What is the thousands digit of 17203998?
3
What is the thousands digit of 98983?
8
What is the thousands digit of 10488528?
8
What is the ten thousands digit of 95050?
9
What is the ten thousands digit of 10905250?
0
What is the thousands digit of 532130?
2
What is the tens digit of 541393?
9
What is the hundreds digit of 86259?
2
What is the units digit of 1005867?
7
What is the ten millions digit of 39859868?
3
What is the tens digit of 33718?
1
What is the tens digit of 423590?
9
What is the hundreds digit of 519847?
8
What is the units digit of 92581?
1
What is the millions digit of 3746977?
3
What is the units digit of 1071515?
5
What is the thousands digit of 7284034?
4
What is the ten thousands digit of 85863?
8
What is the hundred thousands digit of 16064739?
0
What is the hundred thousands digit of 132920?
1
What is the units digit of 546713?
3
What is the hundreds digit of 12022100?
1
What is the thousands digit of 38853062?
3
What is the thousands digit of 485814?
5
What is the tens digit of 8081?
8
What is the tens digit of 570710?
1
What is the ten thousands digit of 5064675?
6
What is the thousands digit of 2623633?
3
What is the millions digit of 4223893?
4
What is the ten thousands digit of 529396?
2
What is the hundred thousands digit of 1702123?
7
What is the hundred thousands digit of 584416?
5
What is the ten thousands digit of 84220?
8
What is the units digit of 5904409?
9
What is the ten thousands digit of 338411?
3
What is the tens digit of 5962198?
9
What is the units digit of 546622?
2
What is the units digit of 380580?
0
What is the thousands digit of 214628?
4
What is the thousands digit of 1052822?
2
What is the ten thousands digit of 4831502?
3
What is the thousands digit of 1316734?
6
What is the hundred thousands digit of 749037?
7
What is the units digit of 11430774?
4
What is the hundred thousands digit of 845804?
8
What is the ten millions digit of 23443554?
2
What is the thousands digit of 2866537?
6
What is the hundred thousands digit of 1241680?
2
What is the units digit of 39300?
0
What is the tens digit of 1353826?
2
What is the hundreds digit of 69998?
9
What is the hundreds digit of 863133?
1
What is the tens digit of 4136731?
3
What is the thousands digit of 60025?
0
What is the tens digit of 3659757?
5
What is the tens digit of 565107?
0
What is the hundred thousands digit of 6160286?
1
What is the ten thousands digit of 2040234?
4
What is the tens digit of 1211439?
3
What is the units digit of 16974005?
5
What is the tens digit of 2548947?
4
What is the ten thousands digit of 6684969?
8
What is the tens digit of 1426703?
0
What is the units digit of 472586?
6
What is the tens digit of 369291?
9
What is the tens digit of 7001390?
9
What is the units digit of 3913507?
7
What is the units digit of 85129?
9
What is the thousands digit of 79804?
9
What is the units digit of 143764?
4
What is the tens digit of 9747650?
5
What is the units digit of 746723?
3
What is the hundred thousands digit of 19520055?
5
What is the tens digit of 7234154?
5
What is the tens digit of 317768?
6
What is the tens digit of 150803?
0
What is the thousands digit of 1056009?
6
What is the hundred thousands digit of 13413005?
4
What is the tens digit of 4107605?
0
What is the units digit of 2067025?
5
What is the units digit of 153362?
2
What is the thousands digit of 2650953?
0
What is the thousands digit of 358403?
8
What is the ten millions digit of 26702890?
2
What is the hundreds digit of 4684318?
3
What is the tens digit of 3473354?
5
What is the thousands digit of 801200?
1
What is the thousands digit of 22661976?
1
What is the units digit of 42983?
3
What is the tens digit of 925750?
5
What is the hundreds digit of 1446493?
4
What is the thousands digit of 1549743?
9
What is the hundred thousands digit of 10339762?
3
What is the hundreds digit of 307861?
8
What is the thousands digit of 148574?
8
What is the hundreds digit of 2039620?
6
What is the thousands digit of 77101?
7
What is the ten thousands digit of 1583313?
8
What is the ten thousands digit of 7634714?
3
What is the thousands digit of 6203?
6
What is the units digit of 2149400?
0
What is the hundred thousands digit of 3184039?
1
What is the millions digit of 3681212?
3
What is the hundred thousands digit of 253993?
2
What is the ten thousands digit of 494508?
9
What is the hundred thousands digit of 202679?
2
What is the thousands digit of 59277?
9
What is the ten thousands digit of 9262050?
6
What is the ten millions digit of 39749240?
3
What is the thousands digit of 180554?
0
What is the tens digit of 5226160?
6
What is the hundred thousands digit of 340821?
3
What is the hundreds digit of 1299446?
4
What is the thousands digit of 1870106?
0
What is the hundred thousands digit of 7744738?
7
What is the millions digit of 1463938?
1
What is the millions digit of 9481771?
9
What is the tens digit of 6322828?
2
What is the units digit of 148461?
1
What is the millions digit of 4307779?
4
What is the millions digit of 16512066?
6
What is the millions digit of 5158574?
5
What is the tens digit of 11818173?
7
What is the hundreds digit of 76133?
1
What is the millions digit of 7885546?
7
What is the thousands digit of 43